{"id":756,"date":"2017-01-20T16:51:04","date_gmt":"2017-01-20T15:51:04","guid":{"rendered":"http:\/\/nabytek-leitl.cz\/?page_id=756"},"modified":"2017-01-20T16:51:04","modified_gmt":"2017-01-20T15:51:04","slug":"obchodni-podminky","status":"publish","type":"page","link":"https:\/\/nabytek-leitl.cz\/?page_id=756","title":{"rendered":"Obchodn\u00ed podm\u00ednky"},"content":{"rendered":"<p>Obchodn\u00ed podm\u00ednky<\/p>\n<p>E-shop provozuje:<\/p>\n<p>Radek Leitl<br \/>\n34516 Pod\u011bvousy 19<br \/>\nI\u010c : 72217502<br \/>\nDI\u010c : 7501241770<\/p>\n<p>1.Kupuj\u00edc\u00ed svou z\u00e1vaznou objedn\u00e1vkou stvrzuje, \u017ee souhlas\u00ed s obchodn\u00edmi podm\u00ednkami prod\u00e1vaj\u00edc\u00edho.<br \/>\n2.Nab\u00edz\u00edme V\u00e1m mo\u017enost n\u00e1kupu zbo\u017e\u00ed v pohodl\u00ed a klidu Va\u0161eho domova.<\/p>\n<p>Zbo\u017e\u00ed si m\u016f\u017eete objednat pomoc\u00ed n\u00e1kupn\u00edho ko\u0161\u00edku.<br \/>\nPodm\u00ednkou pro platnou objedn\u00e1vku je vypln\u011bn\u00ed objedn\u00e1vkov\u00e9ho formul\u00e1\u0159e.<br \/>\nPro dokon\u010den\u00ed a zaevidov\u00e1n\u00ed objedn\u00e1vky je t\u0159eba po\u010dkat na potvrzen\u00ed Va\u0161\u00ed objedn\u00e1vky prod\u00e1vaj\u00edc\u00edm.<br \/>\nV cenov\u011b n\u00e1ro\u010dn\u011bj\u0161\u00edch p\u0159\u00edpadech si prod\u00e1vaj\u00edc\u00ed vyhrazuje pr\u00e1vo po telefonick\u00e9, nebo osobn\u00ed domluv\u011b s kupuj\u00edc\u00edm \u017e\u00e1dat \u00fahradu z\u00e1lohy.<br \/>\n3.Objedn\u00e1vka bude p\u0159ijata a potvrzena do 24 hodin. Potvrzen\u00ed objedn\u00e1vky V\u00e1m bude zasl\u00e1no e-mailem, nebo telefonicky.<br \/>\n4.Zru\u0161en\u00ed objedn\u00e1vky je mo\u017en\u00e9 do 24 hodin a to zasl\u00e1n\u00edm e-mailu, ve kter\u00e9m uve\u010fte jm\u00e9no, \u010d\u00edslo objedn\u00e1vky a sv\u016fj e-mail.<br \/>\n5.Dodac\u00ed lh\u016fta je DLE DOHODY KUPUJ\u00cdC\u00cdHO A PROD\u00c1VAJ\u00cdC\u00cdHO, nen\u00ed-li uvedeno jinak. V p\u0159\u00edpad\u011b, \u017ee n\u011bkter\u00e9 zbo\u017e\u00ed nebude skladem, budeme V\u00e1s ihned kontaktovat pro p\u0159\u00edpadn\u00e9<br \/>\ndomluven\u00ed n\u00e1hradn\u00edho term\u00ednu.<br \/>\n6.P\u0159\u00edpadn\u00e9 reklamace budou vy\u0159\u00edzeny v souladu s platn\u00fdm pr\u00e1vn\u00edm \u0159\u00e1dem, nejpozd\u011bji do 30-ti dn\u016f od p\u0159evzet\u00ed zbo\u017e\u00ed zaslan\u00e9ho n\u00e1m zp\u011bt.<br \/>\nKupuj\u00edc\u00ed je v\u0161ak povinn\u00fd si zbo\u017e\u00ed po jeho zakoupen\u00ed zkontrolovat, aby zjistil v\u010das p\u0159\u00edpadn\u00e9 vady a po\u0161kozen\u00ed.<br \/>\nPokud n\u011bco takov\u00e9ho zjist\u00ed, je povinen n\u00e1s o tom neprodlen\u011b informovat.<br \/>\nZa vady vznikl\u00e9 p\u0159epravcem neru\u010d\u00edme, ru\u010d\u00ed za n\u011b p\u0159epravce.<br \/>\nZ\u00e1konn\u00e1 lh\u016fta na reklamaci je 24 m\u011bs\u00edc\u016f, krom\u011b z\u00e1konem stanoven\u00fdch v\u00fdjimek.<br \/>\n7.Z\u00e1ruka se nevztahuje na vady vznikl\u00e9 b\u011b\u017en\u00fdm pou\u017e\u00edv\u00e1n\u00edm, nebo nespr\u00e1vn\u00fdm pou\u017e\u00edv\u00e1n\u00edm v\u00fdrobku \u010di \u0161patn\u00fdm skladov\u00e1n\u00edm.<br \/>\n8.Pokud budete zbo\u017e\u00ed reklamovat, informujte n\u00e1s o tom e-mailem, kdy po dohod\u011b za\u0161lete zbo\u017e\u00ed zp\u011bt. Do zpr\u00e1vy uve\u010fte d\u016fvod reklamace, \u010d\u00edslo objedn\u00e1vky a kontakt na V\u00e1s.<br \/>\nCena za po\u0161tovn\u00e9 nebodopravn\u00e9 se nevrac\u00ed.<br \/>\nReklamovan\u00e9 zbo\u017e\u00ed v\u017edy zas\u00edlejte jako doporu\u010den\u00fd bal\u00edk, nikdy ne na dob\u00edrku. Nebude p\u0159ebr\u00e1no.<br \/>\nN\u00e1klady spojen\u00e9 s posl\u00e1n\u00edm reklamovan\u00e9ho zbo\u017e\u00ed hrad\u00ed v pln\u00e9 v\u00fd\u0161i kupuj\u00edc\u00ed.<\/p>\n<p>Zru\u0161en\u00ed objedn\u00e1vky ze strany dodavatele<br \/>\nVyhrazujeme si pr\u00e1vo zru\u0161it objedn\u00e1vku nebo jej\u00ed \u010d\u00e1st v t\u011bchto p\u0159\u00edpadech:<br \/>\n\u2022 zbo\u017e\u00ed se ji\u017e nevyr\u00e1b\u00ed nebo nedod\u00e1v\u00e1<br \/>\n\u2022 zbo\u017e\u00ed je dlouhodob\u011b nedostupn\u00e9<br \/>\n\u2022 cena zbo\u017e\u00ed se v\u00fdrazn\u00fdm zp\u016fsobem zm\u011bnila nebo byla chybn\u011b stanovena. V p\u0159\u00edpad\u011b, \u017ee tato situace nastane, V\u00e1s budeme kontaktovat emailem nebo telefonicky a p\u0159\u00edpadn\u011b se s V\u00e1mi domluv\u00edme na dal\u0161\u00edm postupu (n\u00e1hrada objednan\u00e9ho zbo\u017e\u00ed jin\u00fdm, zru\u0161en\u00ed objedn\u00e1vky, atd.). V p\u0159\u00edpad\u011b, \u017ee zbo\u017e\u00ed nem\u00e1 n\u00e1hradu, bude z objedn\u00e1vky jen zru\u0161eno.<\/p>\n<p>Ochrana osobn\u00edch \u00fadaj\u016f V\u00e1\u017een\u00ed z\u00e1kazn\u00edci, V\u00e1mi sd\u011blen\u00e9 osobn\u00ed \u00fadaje slou\u017e\u00ed pouze k vystaven\u00ed dokladu o zaplacen\u00ed a k doru\u010den\u00ed zbo\u017e\u00ed.V \u017e\u00e1dn\u00e9m p\u0159\u00edpad\u011b nebudou poskytnuty t\u0159et\u00ed stran\u011b \u010di jinak zneu\u017eity ke komer\u010dn\u00edm \u00fa\u010del\u016fm.<\/p>\n<p>REKLAMACE<br \/>\nZ\u00e1silka mus\u00ed obsahovat:<br \/>\n1.reklamovan\u00e9 zbo\u017e\u00ed (zabalen\u00e9 v origin\u00e1ln\u00edm obalu)<br \/>\n2.kopii dokladu o zaplacen\u00ed tj. z\u00e1ru\u010dn\u00ed list<br \/>\n3.p\u0159ilo\u017een\u00fd podrobn\u00fd popis z\u00e1vady<br \/>\nN\u00e1klady na dopravu zbo\u017e\u00ed k prodejci hrad\u00ed z\u00e1kazn\u00edk (kupuj\u00edc\u00ed). Pokud byla reklamace opr\u00e1vn\u011bn\u00e1, n\u00e1klady na dopravu opraven\u00e9ho zbo\u017e\u00ed k z\u00e1kazn\u00edkovi (kupuj\u00edc\u00edmu) hrad\u00ed prod\u00e1vaj\u00edc\u00ed<\/p>\n<p>Prod\u00e1vaj\u00edc\u00ed se zavazuje odstranit vadu v co nejkrat\u0161\u00edm mo\u017en\u00e9m term\u00ednu. Pokud se jedn\u00e1 o vadu, kter\u00e1 je p\u0159edm\u011btem opr\u00e1vn\u011bn\u00e9 reklamace, prod\u00e1vaj\u00edc\u00ed zajist\u00ed opravu zbo\u017e\u00ed, v\u00fdm\u011bnu za nov\u00e9 a nebo vr\u00e1cen\u00ed kupn\u00ed ceny. O zp\u016fsobu \u0159e\u0161en\u00ed reklamovan\u00e9ho zbo\u017e\u00ed rozhoduje pouze prod\u00e1vaj\u00edc\u00ed. Kupuj\u00edc\u00ed m\u00e1 n\u00e1rok na v\u00fdm\u011bnu zbo\u017e\u00ed za nov\u00e9 v p\u0159\u00edpad\u011b, \u017ee n\u00e1klady na odstran\u011bn\u00ed zbo\u017e\u00ed p\u0159ekro\u010d\u00ed hodnotu nov\u00e9ho v\u00fdrobku.<\/p>\n<p>Pokud reklama\u010dn\u00ed zak\u00e1zka nebude spl\u0148ovat v\u00fd\u0161e uveden\u00e9 podm\u00ednky, nelze zaru\u010dit jej\u00ed korektn\u00ed zpracov\u00e1n\u00ed.<br \/>\nZ\u00e1konn\u00e1 lh\u016fta reklamace je 30 dn\u00ed, sna\u017e\u00edme se v\u0161ak v\u017edy tuto lh\u016ftu maxim\u00e1ln\u011b zkr\u00e1tit .<br \/>\nReklamovan\u00e9 zbo\u017e\u00ed za\u0161lete na na\u0161i adresu (viz sekce kontakty).<\/p>\n<p>Zasl\u00e1n\u00ed zbo\u017e\u00ed na dob\u00edrku.<br \/>\nZbo\u017e\u00ed zas\u00edl\u00e1me po\u0161tou na dob\u00edrku, kterou plat\u00edte p\u0159\u00edmo u p\u0159ed\u00e1v\u00e1n\u00ed zbo\u017e\u00ed .<\/p>\n","protected":false},"excerpt":{"rendered":"<p>Obchodn\u00ed podm\u00ednky E-shop provozuje: Radek Leitl 34516 Pod\u011bvousy 19 I\u010c : 72217502 DI\u010c : 7501241770 1.Kupuj\u00edc\u00ed svou z\u00e1vaznou objedn\u00e1vkou stvrzuje, [&hellip;]<\/p>\n","protected":false},"author":1,"featured_media":0,"parent":0,"menu_order":0,"comment_status":"closed","ping_status":"closed","template":"","meta":{"site-sidebar-layout":"default","site-content-layout":"","ast-site-content-layout":"","site-content-style":"default","site-sidebar-style":"default","ast-global-header-display":"","ast-banner-title-visibility":"","ast-main-header-display":"","ast-hfb-above-header-display":"","ast-hfb-below-header-display":"","ast-hfb-mobile-header-display":"","site-post-title":"","ast-breadcrumbs-content":"","ast-featured-img":"","footer-sml-layout":"","theme-transparent-header-meta":"","adv-header-id-meta":"","stick-header-meta":"","header-above-stick-meta":"","header-main-stick-meta":"","header-below-stick-meta":"","astra-migrate-meta-layouts":"default","ast-page-background-enabled":"default","ast-page-background-meta":{"desktop":{"background-color":"var(--ast-global-color-4)","background-image":"","background-repeat":"repeat","background-position":"center center","background-size":"auto","background-attachment":"scroll","background-type":"","background-media":"","overlay-type":"","overlay-color":"","overlay-gradient":""},"tablet":{"background-color":"","background-image":"","background-repeat":"repeat","background-position":"center center","background-size":"auto","background-attachment":"scroll","background-type":"","background-media":"","overlay-type":"","overlay-color":"","overlay-gradient":""},"mobile":{"background-color":"","background-image":"","background-repeat":"repeat","background-position":"center center","background-size":"auto","background-attachment":"scroll","background-type":"","background-media":"","overlay-type":"","overlay-color":"","overlay-gradient":""}},"ast-content-background-meta":{"desktop":{"background-color":"var(--ast-global-color-5)","background-image":"","background-repeat":"repeat","background-position":"center center","background-size":"auto","background-attachment":"scroll","background-type":"","background-media":"","overlay-type":"","overlay-color":"","overlay-gradient":""},"tablet":{"background-color":"var(--ast-global-color-5)","background-image":"","background-repeat":"repeat","background-position":"center center","background-size":"auto","background-attachment":"scroll","background-type":"","background-media":"","overlay-type":"","overlay-color":"","overlay-gradient":""},"mobile":{"background-color":"var(--ast-global-color-5)","background-image":"","background-repeat":"repeat","background-position":"center center","background-size":"auto","background-attachment":"scroll","background-type":"","background-media":"","overlay-type":"","overlay-color":"","overlay-gradient":""}},"ngg_post_thumbnail":0,"footnotes":""},"class_list":["post-756","page","type-page","status-publish","hentry"],"aioseo_notices":[],"_links":{"self":[{"href":"https:\/\/nabytek-leitl.cz\/index.php?rest_route=\/wp\/v2\/pages\/756","targetHints":{"allow":["GET"]}}],"collection":[{"href":"https:\/\/nabytek-leitl.cz\/index.php?rest_route=\/wp\/v2\/pages"}],"about":[{"href":"https:\/\/nabytek-leitl.cz\/index.php?rest_route=\/wp\/v2\/types\/page"}],"author":[{"embeddable":true,"href":"https:\/\/nabytek-leitl.cz\/index.php?rest_route=\/wp\/v2\/users\/1"}],"replies":[{"embeddable":true,"href":"https:\/\/nabytek-leitl.cz\/index.php?rest_route=%2Fwp%2Fv2%2Fcomments&post=756"}],"version-history":[{"count":0,"href":"https:\/\/nabytek-leitl.cz\/index.php?rest_route=\/wp\/v2\/pages\/756\/revisions"}],"wp:attachment":[{"href":"https:\/\/nabytek-leitl.cz\/index.php?rest_route=%2Fwp%2Fv2%2Fmedia&parent=756"}],"curies":[{"name":"wp","href":"https:\/\/api.w.org\/{rel}","templated":true}]}}